{"id":882,"date":"2021-09-27T09:05:56","date_gmt":"2021-09-27T07:05:56","guid":{"rendered":"https:\/\/pizza-hyeres.com\/?page_id=882"},"modified":"2025-09-11T16:53:03","modified_gmt":"2025-09-11T14:53:03","slug":"pizzeria-le-jardin-de-manon","status":"publish","type":"page","link":"https:\/\/pizza-hyeres.com\/index.php\/pizzeria-le-jardin-de-manon\/","title":{"rendered":"Pizzeria Le Jardin de Manon"},"content":{"rendered":"\n<p class=\"has-text-align-center has-luminous-vivid-amber-color has-text-color has-medium-font-size\"><strong>NOTRE PIZZERIA<\/strong><\/p>\n\n\n\n<p class=\"has-text-align-center\">Notre pizzeria Bruno situ\u00e9e sur le Port de la Gavine. <\/p>\n\n\n\n<p class=\"has-text-align-center\">Ouvert le<strong> mardi <\/strong>de 19h \u00e0 21h, <strong>mercredi \/ jeudi \/ dimanche<\/strong> de 12h \u00e0 14h et de 19h \u00e0 21h<\/p>\n\n\n\n<p class=\"has-text-align-center\">Ouvert le <strong>vendredi <\/strong>de 12h \u00e0 14h et de 19h \u00e0 20h30, <strong>samedi <\/strong>de 12h \u00e0 14h et de 19h \u00e0 21h30<\/p>\n\n\n\n<p class=\"has-text-align-center\"><strong>(ferm\u00e9 le lundi) <\/strong><\/p>\n\n\n\n<div class=\"wp-block-buttons alignwide is-content-justification-center\">\n<div class=\"wp-block-button\"><a class=\"wp-block-button__link has-background\" href=\"https:\/\/pizza-hyeres.com\/index.php\/carte-pizzerias-bruno\/\" style=\"background:linear-gradient(135deg,rgb(254,205,165) 0%,rgb(254,45,45) 50%,rgb(107,0,2) 100%)\" target=\"_blank\" rel=\"noreferrer noopener\"><strong>CONSULTER LA CARTE<\/strong><\/a><\/div>\n<\/div>\n\n\n\n<p><\/p>\n\n\n\n<p class=\"has-text-align-center has-vivid-red-color has-text-color\" style=\"font-size:25px\"><strong>PROMOTION PIZZAS \u00e0 9\u20ac <\/strong><\/p>\n\n\n\n<p class=\"has-text-align-center has-vivid-red-color has-text-color\" style=\"font-size:15px\"><strong>PIZZA BRUNO LES JARDINS DE MANON<\/strong><\/p>\n\n\n\n<p class=\"has-text-align-center has-vivid-red-color has-text-color\" style=\"font-size:15px\"><strong>MARGHERITA &amp; MARIANA<\/strong><\/p>\n\n\n\n<p><\/p>\n\n\n\n<p><\/p>\n\n\n\n<hr class=\"wp-block-separator is-style-wide\"\/>\n\n\n\n<h2 class=\"has-text-align-center has-luminous-vivid-amber-color has-text-color\">PHOTOS<\/h2>\n\n\n\n<figure class=\"wp-block-gallery columns-3 is-cropped\"><ul class=\"blocks-gallery-grid\"><li class=\"blocks-gallery-item\"><figure><img loading=\"lazy\" width=\"1024\" height=\"683\" src=\"https:\/\/pizza-hyeres.com\/wp-content\/uploads\/2021\/10\/DSC_1118bis-Copie-Grand-1024x683.jpg\" alt=\"\" data-id=\"918\" data-full-url=\"https:\/\/pizza-hyeres.com\/wp-content\/uploads\/2021\/10\/DSC_1118bis-Copie-Grand.jpg\" data-link=\"https:\/\/pizza-hyeres.com\/dsc_1118bis-copie-grand\/\" class=\"wp-image-918\" srcset=\"https:\/\/pizza-hyeres.com\/wp-content\/uploads\/2021\/10\/DSC_1118bis-Copie-Grand-1024x683.jpg 1024w, https:\/\/pizza-hyeres.com\/wp-content\/uploads\/2021\/10\/DSC_1118bis-Copie-Grand-300x200.jpg 300w, https:\/\/pizza-hyeres.com\/wp-content\/uploads\/2021\/10\/DSC_1118bis-Copie-Grand-768x512.jpg 768w, https:\/\/pizza-hyeres.com\/wp-content\/uploads\/2021\/10\/DSC_1118bis-Copie-Grand-1536x1024.jpg 1536w, https:\/\/pizza-hyeres.com\/wp-content\/uploads\/2021\/10\/DSC_1118bis-Copie-Grand.jpg 1620w\" sizes=\"(max-width: 1024px) 100vw, 1024px\" \/><\/figure><\/li><li class=\"blocks-gallery-item\"><figure><img loading=\"lazy\" width=\"1024\" height=\"717\" src=\"https:\/\/pizza-hyeres.com\/wp-content\/uploads\/2021\/10\/DSC_1324-Grand-1024x717.jpg\" alt=\"\" data-id=\"924\" data-full-url=\"https:\/\/pizza-hyeres.com\/wp-content\/uploads\/2021\/10\/DSC_1324-Grand.jpg\" data-link=\"https:\/\/pizza-hyeres.com\/dsc_1324-grand\/\" class=\"wp-image-924\" srcset=\"https:\/\/pizza-hyeres.com\/wp-content\/uploads\/2021\/10\/DSC_1324-Grand-1024x717.jpg 1024w, https:\/\/pizza-hyeres.com\/wp-content\/uploads\/2021\/10\/DSC_1324-Grand-300x210.jpg 300w, https:\/\/pizza-hyeres.com\/wp-content\/uploads\/2021\/10\/DSC_1324-Grand-768x538.jpg 768w, https:\/\/pizza-hyeres.com\/wp-content\/uploads\/2021\/10\/DSC_1324-Grand-1536x1075.jpg 1536w, https:\/\/pizza-hyeres.com\/wp-content\/uploads\/2021\/10\/DSC_1324-Grand.jpg 1543w\" sizes=\"(max-width: 1024px) 100vw, 1024px\" \/><\/figure><\/li><li class=\"blocks-gallery-item\"><figure><img loading=\"lazy\" width=\"1024\" height=\"658\" src=\"https:\/\/pizza-hyeres.com\/wp-content\/uploads\/2021\/10\/DSC_1195-Grand-1024x658.jpg\" alt=\"\" data-id=\"921\" data-full-url=\"https:\/\/pizza-hyeres.com\/wp-content\/uploads\/2021\/10\/DSC_1195-Grand.jpg\" data-link=\"https:\/\/pizza-hyeres.com\/dsc_1195-grand\/\" class=\"wp-image-921\" srcset=\"https:\/\/pizza-hyeres.com\/wp-content\/uploads\/2021\/10\/DSC_1195-Grand-1024x658.jpg 1024w, https:\/\/pizza-hyeres.com\/wp-content\/uploads\/2021\/10\/DSC_1195-Grand-300x193.jpg 300w, https:\/\/pizza-hyeres.com\/wp-content\/uploads\/2021\/10\/DSC_1195-Grand-768x494.jpg 768w, https:\/\/pizza-hyeres.com\/wp-content\/uploads\/2021\/10\/DSC_1195-Grand-1536x987.jpg 1536w, https:\/\/pizza-hyeres.com\/wp-content\/uploads\/2021\/10\/DSC_1195-Grand.jpg 1680w\" sizes=\"(max-width: 1024px) 100vw, 1024px\" \/><\/figure><\/li><li class=\"blocks-gallery-item\"><figure><img loading=\"lazy\" width=\"1024\" height=\"683\" src=\"https:\/\/pizza-hyeres.com\/wp-content\/uploads\/2021\/10\/DSC_1261-Grand-1024x683.jpg\" alt=\"\" data-id=\"923\" data-full-url=\"https:\/\/pizza-hyeres.com\/wp-content\/uploads\/2021\/10\/DSC_1261-Grand.jpg\" data-link=\"https:\/\/pizza-hyeres.com\/dsc_1261-grand\/\" class=\"wp-image-923\" srcset=\"https:\/\/pizza-hyeres.com\/wp-content\/uploads\/2021\/10\/DSC_1261-Grand-1024x683.jpg 1024w, https:\/\/pizza-hyeres.com\/wp-content\/uploads\/2021\/10\/DSC_1261-Grand-300x200.jpg 300w, https:\/\/pizza-hyeres.com\/wp-content\/uploads\/2021\/10\/DSC_1261-Grand-768x512.jpg 768w, https:\/\/pizza-hyeres.com\/wp-content\/uploads\/2021\/10\/DSC_1261-Grand-1536x1024.jpg 1536w, https:\/\/pizza-hyeres.com\/wp-content\/uploads\/2021\/10\/DSC_1261-Grand.jpg 1620w\" sizes=\"(max-width: 1024px) 100vw, 1024px\" \/><\/figure><\/li><li class=\"blocks-gallery-item\"><figure><img loading=\"lazy\" width=\"1024\" height=\"683\" src=\"https:\/\/pizza-hyeres.com\/wp-content\/uploads\/2021\/10\/DSC_1144-Copie-Grand-1024x683.jpg\" alt=\"\" data-id=\"920\" data-full-url=\"https:\/\/pizza-hyeres.com\/wp-content\/uploads\/2021\/10\/DSC_1144-Copie-Grand.jpg\" data-link=\"https:\/\/pizza-hyeres.com\/dsc_1144-copie-grand\/\" class=\"wp-image-920\" srcset=\"https:\/\/pizza-hyeres.com\/wp-content\/uploads\/2021\/10\/DSC_1144-Copie-Grand-1024x683.jpg 1024w, https:\/\/pizza-hyeres.com\/wp-content\/uploads\/2021\/10\/DSC_1144-Copie-Grand-300x200.jpg 300w, https:\/\/pizza-hyeres.com\/wp-content\/uploads\/2021\/10\/DSC_1144-Copie-Grand-768x512.jpg 768w, https:\/\/pizza-hyeres.com\/wp-content\/uploads\/2021\/10\/DSC_1144-Copie-Grand-1536x1024.jpg 1536w, https:\/\/pizza-hyeres.com\/wp-content\/uploads\/2021\/10\/DSC_1144-Copie-Grand.jpg 1620w\" sizes=\"(max-width: 1024px) 100vw, 1024px\" \/><\/figure><\/li><li class=\"blocks-gallery-item\"><figure><img loading=\"lazy\" width=\"1024\" height=\"683\" src=\"https:\/\/pizza-hyeres.com\/wp-content\/uploads\/2021\/10\/DSC_1259-Grand-1024x683.jpg\" alt=\"\" data-id=\"922\" data-full-url=\"https:\/\/pizza-hyeres.com\/wp-content\/uploads\/2021\/10\/DSC_1259-Grand.jpg\" data-link=\"https:\/\/pizza-hyeres.com\/dsc_1259-grand\/\" class=\"wp-image-922\" srcset=\"https:\/\/pizza-hyeres.com\/wp-content\/uploads\/2021\/10\/DSC_1259-Grand-1024x683.jpg 1024w, https:\/\/pizza-hyeres.com\/wp-content\/uploads\/2021\/10\/DSC_1259-Grand-300x200.jpg 300w, https:\/\/pizza-hyeres.com\/wp-content\/uploads\/2021\/10\/DSC_1259-Grand-768x512.jpg 768w, https:\/\/pizza-hyeres.com\/wp-content\/uploads\/2021\/10\/DSC_1259-Grand-1536x1024.jpg 1536w, https:\/\/pizza-hyeres.com\/wp-content\/uploads\/2021\/10\/DSC_1259-Grand.jpg 1620w\" sizes=\"(max-width: 1024px) 100vw, 1024px\" \/><\/figure><\/li><\/ul><\/figure>\n\n\n\n<hr class=\"wp-block-separator is-style-wide\"\/>\n\n\n\n<h2 class=\"has-text-align-center has-luminous-vivid-amber-color has-text-color\">CONTACT \/ ACC\u00c8S<\/h2>\n\n\n\n<p class=\"has-text-align-center has-medium-font-size\">PIZZERIA BRUNO LE JARDIN DE MANON<br>2 avenue Gavine<br>Port de la Gavine<br>83400 Hy\u00e8res<\/p>\n\n\n\n<div class=\"wp-block-buttons is-content-justification-center\">\n<div class=\"wp-block-button has-custom-font-size has-medium-font-size\"><a class=\"wp-block-button__link has-background\" style=\"background:linear-gradient(135deg,rgb(254,205,165) 0%,rgb(254,45,45) 50%,rgb(107,0,2) 100%)\"><strong> Tel :  <\/strong>04.94.57.54.43<\/a><\/div>\n<\/div>\n\n\n\n<hr class=\"wp-block-separator is-style-wide\"\/>\n\n\n\n<h2 class=\"has-text-align-center has-luminous-vivid-amber-color has-text-color\">FOLLOW US !<\/h2>\n\n\n\n<ul class=\"wp-block-social-links aligncenter has-large-icon-size items-justified-center is-style-pill-shape\"><li class=\"wp-social-link wp-social-link-facebook wp-block-social-link\"><a href=\"https:\/\/www.facebook.com\/Pizza-Bruno-Le-Jardin-de-Manon-100257762442557\/?ref=pages_you_manage\" aria-label=\"Facebook\u00a0: https:\/\/www.facebook.com\/Pizza-Bruno-Le-Jardin-de-Manon-100257762442557\/?ref=pages_you_manage\" rel=\"noopener nofollow\" target=\"_blank\" class=\"wp-block-social-link-anchor\"> <svg width=\"24\" height=\"24\" viewBox=\"0 0 24 24\" version=\"1.1\" xmlns=\"http:\/\/www.w3.org\/2000\/svg\" role=\"img\" aria-hidden=\"true\" focusable=\"false\"><path d=\"M12 2C6.5 2 2 6.5 2 12c0 5 3.7 9.1 8.4 9.9v-7H7.9V12h2.5V9.8c0-2.5 1.5-3.9 3.8-3.9 1.1 0 2.2.2 2.2.2v2.5h-1.3c-1.2 0-1.6.8-1.6 1.6V12h2.8l-.4 2.9h-2.3v7C18.3 21.1 22 17 22 12c0-5.5-4.5-10-10-10z\"><\/path><\/svg><\/a><\/li><\/ul>\n\n\n\n<hr class=\"wp-block-separator is-style-wide\"\/>\n\n\n\n<h2 class=\"has-text-align-center has-luminous-vivid-amber-color has-text-color\">COMMENT S&#8217;Y RENDRE<\/h2>\n\n\n\n<iframe loading=\"lazy\" src=\"https:\/\/www.google.com\/maps\/d\/u\/0\/embed?mid=1p5HBScoX4ljAFdwDaR906c-OL2XgWAmQ\" width=\"640\" height=\"480\"><\/iframe>\n\n\n\n<div class=\"wp-block-buttons is-content-justification-center\"><\/div>\n\n\n\n<div style=\"height:71px\" aria-hidden=\"true\" class=\"wp-block-spacer\"><\/div>\n","protected":false},"excerpt":{"rendered":"<p>NOTRE PIZZERIA Notre pizzeria Bruno situ\u00e9e sur le Port de la Gavine. Ouvert le mardi de 19h \u00e0 21h, mercredi \/ jeudi \/ dimanche de 12h \u00e0 14h et de 19h \u00e0 21h Ouvert le vendredi de 12h \u00e0 14h et de 19h \u00e0 20h30, samedi de 12h \u00e0 14h et de 19h \u00e0 21h30 [&hellip;]<\/p>\n","protected":false},"author":1,"featured_media":0,"parent":0,"menu_order":0,"comment_status":"closed","ping_status":"closed","template":"","meta":[],"_links":{"self":[{"href":"https:\/\/pizza-hyeres.com\/index.php\/wp-json\/wp\/v2\/pages\/882"}],"collection":[{"href":"https:\/\/pizza-hyeres.com\/index.php\/wp-json\/wp\/v2\/pages"}],"about":[{"href":"https:\/\/pizza-hyeres.com\/index.php\/wp-json\/wp\/v2\/types\/page"}],"author":[{"embeddable":true,"href":"https:\/\/pizza-hyeres.com\/index.php\/wp-json\/wp\/v2\/users\/1"}],"replies":[{"embeddable":true,"href":"https:\/\/pizza-hyeres.com\/index.php\/wp-json\/wp\/v2\/comments?post=882"}],"version-history":[{"count":29,"href":"https:\/\/pizza-hyeres.com\/index.php\/wp-json\/wp\/v2\/pages\/882\/revisions"}],"predecessor-version":[{"id":1189,"href":"https:\/\/pizza-hyeres.com\/index.php\/wp-json\/wp\/v2\/pages\/882\/revisions\/1189"}],"wp:attachment":[{"href":"https:\/\/pizza-hyeres.com\/index.php\/wp-json\/wp\/v2\/media?parent=882"}],"curies":[{"name":"wp","href":"https:\/\/api.w.org\/{rel}","templated":true}]}}