{"id":30,"date":"2019-10-23T09:31:25","date_gmt":"2019-10-23T07:31:25","guid":{"rendered":"http:\/\/pizza-hyeres.com\/?page_id=30"},"modified":"2023-06-22T17:50:25","modified_gmt":"2023-06-22T15:50:25","slug":"pizza-la-bergerie-giens","status":"publish","type":"page","link":"https:\/\/pizza-hyeres.com\/index.php\/pizza-la-bergerie-giens\/","title":{"rendered":"Pizzeria La Bergerie &#8211; Giens"},"content":{"rendered":"\n<h2 class=\"has-text-align-center has-luminous-vivid-amber-color has-text-color\">NOTRE PIZZERIA<\/h2>\n\n\n\n<p class=\"has-text-align-center\">Notre pizzeria Bruno situ\u00e9e sur la route de Giens \u00e0 proximit\u00e9 de la plage de la Bergerie.<\/p>\n\n\n\n<p class=\"has-text-align-center\"><strong>Ouvert de 17H \u00e0 21H30 tous les jours (sauf mercredi ferm\u00e9)<\/strong><\/p>\n\n\n\n<div class=\"wp-block-button aligncenter\"><a class=\"wp-block-button__link has-background\" href=\"https:\/\/pizza-hyeres.com\/index.php\/carte-pizzerias-bruno\/\" style=\"background:linear-gradient(135deg,rgb(254,205,165) 0%,rgb(254,45,45) 50%,rgb(107,0,2) 100%)\"><strong>CONSULTER LA CARTE DES PIZZAS<\/strong><\/a><\/div>\n\n\n\n<hr class=\"wp-block-separator is-style-wide\"\/>\n\n\n\n<h2 class=\"has-text-align-center has-luminous-vivid-amber-color has-text-color\">PHOTOS<\/h2>\n\n\n\n<figure class=\"wp-block-gallery columns-3 is-cropped\"><ul class=\"blocks-gallery-grid\"><li class=\"blocks-gallery-item\"><figure><img loading=\"lazy\" width=\"1024\" height=\"576\" src=\"https:\/\/pizza-hyeres.com\/wp-content\/uploads\/2021\/09\/vlcsnap-2021-09-17-16h22m44s713-1024x576.jpg\" alt=\"\" data-id=\"773\" data-full-url=\"https:\/\/pizza-hyeres.com\/wp-content\/uploads\/2021\/09\/vlcsnap-2021-09-17-16h22m44s713.jpg\" data-link=\"https:\/\/pizza-hyeres.com\/index.php\/pizza-la-bergerie-giens\/vlcsnap-2021-09-17-16h22m44s713\/\" class=\"wp-image-773\" srcset=\"https:\/\/pizza-hyeres.com\/wp-content\/uploads\/2021\/09\/vlcsnap-2021-09-17-16h22m44s713-1024x576.jpg 1024w, https:\/\/pizza-hyeres.com\/wp-content\/uploads\/2021\/09\/vlcsnap-2021-09-17-16h22m44s713-300x169.jpg 300w, https:\/\/pizza-hyeres.com\/wp-content\/uploads\/2021\/09\/vlcsnap-2021-09-17-16h22m44s713-768x432.jpg 768w, https:\/\/pizza-hyeres.com\/wp-content\/uploads\/2021\/09\/vlcsnap-2021-09-17-16h22m44s713-1536x864.jpg 1536w, https:\/\/pizza-hyeres.com\/wp-content\/uploads\/2021\/09\/vlcsnap-2021-09-17-16h22m44s713.jpg 1920w\" sizes=\"(max-width: 1024px) 100vw, 1024px\" \/><\/figure><\/li><li class=\"blocks-gallery-item\"><figure><img loading=\"lazy\" width=\"1024\" height=\"678\" src=\"http:\/\/pizza-hyeres.com\/wp-content\/uploads\/2019\/10\/DSC_2068-Medium-1024x678.jpg\" alt=\"\" data-id=\"162\" data-link=\"http:\/\/pizza-hyeres.com\/index.php\/pizza-la-bergerie-giens\/dsc_2068-medium\/\" class=\"wp-image-162\" srcset=\"https:\/\/pizza-hyeres.com\/wp-content\/uploads\/2019\/10\/DSC_2068-Medium-1024x678.jpg 1024w, https:\/\/pizza-hyeres.com\/wp-content\/uploads\/2019\/10\/DSC_2068-Medium-300x199.jpg 300w, https:\/\/pizza-hyeres.com\/wp-content\/uploads\/2019\/10\/DSC_2068-Medium-768x508.jpg 768w, https:\/\/pizza-hyeres.com\/wp-content\/uploads\/2019\/10\/DSC_2068-Medium.jpg 1160w\" sizes=\"(max-width: 1024px) 100vw, 1024px\" \/><\/figure><\/li><li class=\"blocks-gallery-item\"><figure><img loading=\"lazy\" width=\"1024\" height=\"678\" src=\"http:\/\/pizza-hyeres.com\/wp-content\/uploads\/2019\/10\/DSC_2101-Medium-1024x678.jpg\" alt=\"\" data-id=\"165\" data-link=\"http:\/\/pizza-hyeres.com\/index.php\/pizza-la-bergerie-giens\/dsc_2101-medium\/\" class=\"wp-image-165\" srcset=\"https:\/\/pizza-hyeres.com\/wp-content\/uploads\/2019\/10\/DSC_2101-Medium-1024x678.jpg 1024w, https:\/\/pizza-hyeres.com\/wp-content\/uploads\/2019\/10\/DSC_2101-Medium-300x199.jpg 300w, https:\/\/pizza-hyeres.com\/wp-content\/uploads\/2019\/10\/DSC_2101-Medium-768x508.jpg 768w, https:\/\/pizza-hyeres.com\/wp-content\/uploads\/2019\/10\/DSC_2101-Medium.jpg 1160w\" sizes=\"(max-width: 1024px) 100vw, 1024px\" \/><\/figure><\/li><li class=\"blocks-gallery-item\"><figure><img loading=\"lazy\" width=\"1024\" height=\"678\" src=\"http:\/\/pizza-hyeres.com\/wp-content\/uploads\/2019\/10\/DSC_2103-Medium-1024x678.jpg\" alt=\"\" data-id=\"166\" data-link=\"http:\/\/pizza-hyeres.com\/index.php\/pizza-la-bergerie-giens\/dsc_2103-medium\/\" class=\"wp-image-166\" srcset=\"https:\/\/pizza-hyeres.com\/wp-content\/uploads\/2019\/10\/DSC_2103-Medium-1024x678.jpg 1024w, https:\/\/pizza-hyeres.com\/wp-content\/uploads\/2019\/10\/DSC_2103-Medium-300x199.jpg 300w, https:\/\/pizza-hyeres.com\/wp-content\/uploads\/2019\/10\/DSC_2103-Medium-768x508.jpg 768w, https:\/\/pizza-hyeres.com\/wp-content\/uploads\/2019\/10\/DSC_2103-Medium.jpg 1160w\" sizes=\"(max-width: 1024px) 100vw, 1024px\" \/><\/figure><\/li><li class=\"blocks-gallery-item\"><figure><img loading=\"lazy\" width=\"1024\" height=\"678\" src=\"http:\/\/pizza-hyeres.com\/wp-content\/uploads\/2019\/10\/DSC_2109-Medium-1024x678.jpg\" alt=\"\" data-id=\"167\" data-link=\"http:\/\/pizza-hyeres.com\/index.php\/pizza-la-bergerie-giens\/dsc_2109-medium\/\" class=\"wp-image-167\" srcset=\"https:\/\/pizza-hyeres.com\/wp-content\/uploads\/2019\/10\/DSC_2109-Medium-1024x678.jpg 1024w, https:\/\/pizza-hyeres.com\/wp-content\/uploads\/2019\/10\/DSC_2109-Medium-300x199.jpg 300w, https:\/\/pizza-hyeres.com\/wp-content\/uploads\/2019\/10\/DSC_2109-Medium-768x508.jpg 768w, https:\/\/pizza-hyeres.com\/wp-content\/uploads\/2019\/10\/DSC_2109-Medium.jpg 1160w\" sizes=\"(max-width: 1024px) 100vw, 1024px\" \/><\/figure><\/li><li class=\"blocks-gallery-item\"><figure><img loading=\"lazy\" width=\"1024\" height=\"576\" src=\"https:\/\/pizza-hyeres.com\/wp-content\/uploads\/2021\/09\/vlcsnap-2021-09-17-16h23m16s426-1024x576.jpg\" alt=\"\" data-id=\"772\" data-full-url=\"https:\/\/pizza-hyeres.com\/wp-content\/uploads\/2021\/09\/vlcsnap-2021-09-17-16h23m16s426.jpg\" data-link=\"https:\/\/pizza-hyeres.com\/index.php\/pizza-la-bergerie-giens\/vlcsnap-2021-09-17-16h23m16s426\/\" class=\"wp-image-772\" srcset=\"https:\/\/pizza-hyeres.com\/wp-content\/uploads\/2021\/09\/vlcsnap-2021-09-17-16h23m16s426-1024x576.jpg 1024w, https:\/\/pizza-hyeres.com\/wp-content\/uploads\/2021\/09\/vlcsnap-2021-09-17-16h23m16s426-300x169.jpg 300w, https:\/\/pizza-hyeres.com\/wp-content\/uploads\/2021\/09\/vlcsnap-2021-09-17-16h23m16s426-768x432.jpg 768w, https:\/\/pizza-hyeres.com\/wp-content\/uploads\/2021\/09\/vlcsnap-2021-09-17-16h23m16s426-1536x864.jpg 1536w, https:\/\/pizza-hyeres.com\/wp-content\/uploads\/2021\/09\/vlcsnap-2021-09-17-16h23m16s426.jpg 1920w\" sizes=\"(max-width: 1024px) 100vw, 1024px\" \/><\/figure><\/li><\/ul><\/figure>\n\n\n\n<hr class=\"wp-block-separator is-style-wide\"\/>\n\n\n\n<h2 class=\"has-text-align-center has-luminous-vivid-amber-color has-text-color\">CONTACT \/ ACC\u00c8S<\/h2>\n\n\n\n<p class=\"has-text-align-center has-text-color has-background has-medium-font-size has-vivid-white-background-color\">PIZZERIA BRUNO LA BERGERIE<br>4231 route de Giens<br>83400 Hy\u00e8res<\/p>\n\n\n\n<div class=\"wp-block-buttons is-content-justification-center\">\n<div class=\"wp-block-button has-custom-font-size has-medium-font-size\"><a class=\"wp-block-button__link has-background\" style=\"background:linear-gradient(135deg,rgb(254,205,165) 0%,rgb(254,45,45) 50%,rgb(107,0,2) 97%)\"><strong> Tel\u00a0: 07.56.15.05.06<\/strong><\/a><\/div>\n<\/div>\n\n\n\n<hr class=\"wp-block-separator is-style-wide\"\/>\n\n\n\n<h2 class=\"has-text-align-center has-luminous-vivid-amber-color has-text-color\">FOLLOW US ! <\/h2>\n\n\n\n<ul class=\"wp-block-social-links aligncenter has-large-icon-size items-justified-center is-style-pill-shape\"><li class=\"wp-social-link wp-social-link-facebook wp-block-social-link\"><a href=\"https:\/\/www.facebook.com\/Pizza-Bruno-La-Bergerie-113579304115292\" aria-label=\"Facebook\u00a0: https:\/\/www.facebook.com\/Pizza-Bruno-La-Bergerie-113579304115292\" rel=\"noopener nofollow\" target=\"_blank\" class=\"wp-block-social-link-anchor\"> <svg width=\"24\" height=\"24\" viewBox=\"0 0 24 24\" version=\"1.1\" xmlns=\"http:\/\/www.w3.org\/2000\/svg\" role=\"img\" aria-hidden=\"true\" focusable=\"false\"><path d=\"M12 2C6.5 2 2 6.5 2 12c0 5 3.7 9.1 8.4 9.9v-7H7.9V12h2.5V9.8c0-2.5 1.5-3.9 3.8-3.9 1.1 0 2.2.2 2.2.2v2.5h-1.3c-1.2 0-1.6.8-1.6 1.6V12h2.8l-.4 2.9h-2.3v7C18.3 21.1 22 17 22 12c0-5.5-4.5-10-10-10z\"><\/path><\/svg><\/a><\/li><\/ul>\n\n\n\n<hr class=\"wp-block-separator is-style-wide\"\/>\n\n\n\n<h2 class=\"has-text-align-center has-luminous-vivid-amber-color has-text-color\">COMMENT S&#8217;Y RENDRE<\/h2>\n\n\n\n<p class=\"has-text-align-center\">Pour vous rendre \u00e0 notre Pizzeria Bruno La Bergerie, prenez la direction de Giens. La pizzeria se situe sur la route de Giens au niveau du camping la Bergerie Plage (apr\u00e8s le parking de la plage de la Bergerie).<\/p>\n\n\n\n<iframe loading=\"lazy\" src=\"https:\/\/www.google.com\/maps\/d\/u\/0\/embed?mid=1dquhNKD1BUXlqbvpfkdHum11Gdz4Goa7\" width=\"640\" height=\"480\"><\/iframe>\n\n\n\n<div style=\"height:60px\" aria-hidden=\"true\" class=\"wp-block-spacer\"><\/div>\n\n\n\n<hr class=\"wp-block-separator is-style-wide\"\/>\n\n\n\n<h2 class=\"has-text-align-center has-white-color has-text-color\">D\u00c9COUVREZ LE CAMPING LA BERGERIE PLAGE<\/h2>\n\n\n\n<p>Ce petit camping familial vous propose des mobil-homes climatis\u00e9s de 1 \u00e0 3 chambres pouvant accueillir de 2 \u00e0 8 personnes. Le charme de ce camping vous s\u00e9duira avec ses all\u00e9es ombrag\u00e9s et sa proximit\u00e9 de la plage, il est situ\u00e9 \u00e0 seulement 200 m de la plage de sable de la Bergerie.<\/p>\n\n\n\n<div class=\"wp-block-button aligncenter\"><a class=\"wp-block-button__link has-vivid-red-background-color has-background no-border-radius\" href=\"https:\/\/www.campinglabergerieplage.com\/fr\/\"><strong>VISITER LE SITE DU CAMPING<\/strong><\/a><\/div>\n\n\n\n<div style=\"height:20px\" aria-hidden=\"true\" class=\"wp-block-spacer\"><\/div>\n\n\n\n<figure class=\"wp-block-gallery columns-3 is-cropped\"><ul class=\"blocks-gallery-grid\"><li class=\"blocks-gallery-item\"><figure><img loading=\"lazy\" width=\"1024\" height=\"683\" src=\"https:\/\/pizza-hyeres.com\/wp-content\/uploads\/2019\/11\/DSC_6421-Personnalis\u00e9-1024x683.jpg\" alt=\"\" data-id=\"345\" data-link=\"https:\/\/pizza-hyeres.com\/index.php\/pizza-la-bergerie-giens\/dsc_6421-personnalise\/\" class=\"wp-image-345\" srcset=\"https:\/\/pizza-hyeres.com\/wp-content\/uploads\/2019\/11\/DSC_6421-Personnalis\u00e9-1024x683.jpg 1024w, https:\/\/pizza-hyeres.com\/wp-content\/uploads\/2019\/11\/DSC_6421-Personnalis\u00e9-300x200.jpg 300w, https:\/\/pizza-hyeres.com\/wp-content\/uploads\/2019\/11\/DSC_6421-Personnalis\u00e9-768x512.jpg 768w, https:\/\/pizza-hyeres.com\/wp-content\/uploads\/2019\/11\/DSC_6421-Personnalis\u00e9.jpg 1920w\" sizes=\"(max-width: 1024px) 100vw, 1024px\" \/><\/figure><\/li><li class=\"blocks-gallery-item\"><figure><img loading=\"lazy\" width=\"1024\" height=\"683\" src=\"https:\/\/pizza-hyeres.com\/wp-content\/uploads\/2019\/11\/DSC_6434-Personnalis\u00e9-1024x683.jpg\" alt=\"\" data-id=\"346\" data-link=\"https:\/\/pizza-hyeres.com\/index.php\/pizza-la-bergerie-giens\/dsc_6434-personnalise\/\" class=\"wp-image-346\" srcset=\"https:\/\/pizza-hyeres.com\/wp-content\/uploads\/2019\/11\/DSC_6434-Personnalis\u00e9-1024x683.jpg 1024w, https:\/\/pizza-hyeres.com\/wp-content\/uploads\/2019\/11\/DSC_6434-Personnalis\u00e9-300x200.jpg 300w, https:\/\/pizza-hyeres.com\/wp-content\/uploads\/2019\/11\/DSC_6434-Personnalis\u00e9-768x512.jpg 768w, https:\/\/pizza-hyeres.com\/wp-content\/uploads\/2019\/11\/DSC_6434-Personnalis\u00e9.jpg 1920w\" sizes=\"(max-width: 1024px) 100vw, 1024px\" \/><\/figure><\/li><li class=\"blocks-gallery-item\"><figure><img loading=\"lazy\" width=\"1024\" height=\"683\" src=\"https:\/\/pizza-hyeres.com\/wp-content\/uploads\/2019\/11\/DSC_6439-Personnalis\u00e9-1024x683.jpg\" alt=\"\" data-id=\"347\" data-link=\"https:\/\/pizza-hyeres.com\/index.php\/pizza-la-bergerie-giens\/dsc_6439-personnalise\/\" class=\"wp-image-347\" srcset=\"https:\/\/pizza-hyeres.com\/wp-content\/uploads\/2019\/11\/DSC_6439-Personnalis\u00e9-1024x683.jpg 1024w, https:\/\/pizza-hyeres.com\/wp-content\/uploads\/2019\/11\/DSC_6439-Personnalis\u00e9-300x200.jpg 300w, https:\/\/pizza-hyeres.com\/wp-content\/uploads\/2019\/11\/DSC_6439-Personnalis\u00e9-768x512.jpg 768w, https:\/\/pizza-hyeres.com\/wp-content\/uploads\/2019\/11\/DSC_6439-Personnalis\u00e9.jpg 1920w\" sizes=\"(max-width: 1024px) 100vw, 1024px\" \/><\/figure><\/li><\/ul><\/figure>\n","protected":false},"excerpt":{"rendered":"<p>NOTRE PIZZERIA Notre pizzeria Bruno situ\u00e9e sur la route de Giens \u00e0 proximit\u00e9 de la plage de la Bergerie. Ouvert de 17H \u00e0 21H30 tous les jours (sauf mercredi ferm\u00e9) PHOTOS CONTACT \/ ACC\u00c8S PIZZERIA BRUNO LA BERGERIE4231 route de Giens83400 Hy\u00e8res FOLLOW US ! COMMENT S&#8217;Y RENDRE Pour vous rendre \u00e0 notre Pizzeria Bruno [&hellip;]<\/p>\n","protected":false},"author":1,"featured_media":0,"parent":0,"menu_order":0,"comment_status":"closed","ping_status":"closed","template":"","meta":[],"_links":{"self":[{"href":"https:\/\/pizza-hyeres.com\/index.php\/wp-json\/wp\/v2\/pages\/30"}],"collection":[{"href":"https:\/\/pizza-hyeres.com\/index.php\/wp-json\/wp\/v2\/pages"}],"about":[{"href":"https:\/\/pizza-hyeres.com\/index.php\/wp-json\/wp\/v2\/types\/page"}],"author":[{"embeddable":true,"href":"https:\/\/pizza-hyeres.com\/index.php\/wp-json\/wp\/v2\/users\/1"}],"replies":[{"embeddable":true,"href":"https:\/\/pizza-hyeres.com\/index.php\/wp-json\/wp\/v2\/comments?post=30"}],"version-history":[{"count":64,"href":"https:\/\/pizza-hyeres.com\/index.php\/wp-json\/wp\/v2\/pages\/30\/revisions"}],"predecessor-version":[{"id":1119,"href":"https:\/\/pizza-hyeres.com\/index.php\/wp-json\/wp\/v2\/pages\/30\/revisions\/1119"}],"wp:attachment":[{"href":"https:\/\/pizza-hyeres.com\/index.php\/wp-json\/wp\/v2\/media?parent=30"}],"curies":[{"name":"wp","href":"https:\/\/api.w.org\/{rel}","templated":true}]}}